{"id":29,"date":"2026-03-07T21:46:54","date_gmt":"2026-03-07T20:46:54","guid":{"rendered":"https:\/\/teachability.no\/?page_id=29"},"modified":"2026-03-08T15:29:15","modified_gmt":"2026-03-08T14:29:15","slug":"forside","status":"publish","type":"page","link":"https:\/\/teachability.no\/","title":{"rendered":"Forside"},"content":{"rendered":"\n<figure class=\"wp-block-image aligncenter size-large\"><img loading=\"lazy\" decoding=\"async\" width=\"1024\" height=\"467\" src=\"https:\/\/teachability.no\/wp-content\/uploads\/2026\/03\/Gemini_Generated_Image_sp141csp141csp14-1024x467.png\" alt=\"\" class=\"wp-image-21\" srcset=\"https:\/\/teachability.no\/wp-content\/uploads\/2026\/03\/Gemini_Generated_Image_sp141csp141csp14-1024x467.png 1024w, https:\/\/teachability.no\/wp-content\/uploads\/2026\/03\/Gemini_Generated_Image_sp141csp141csp14-300x137.png 300w, https:\/\/teachability.no\/wp-content\/uploads\/2026\/03\/Gemini_Generated_Image_sp141csp141csp14-768x351.png 768w, https:\/\/teachability.no\/wp-content\/uploads\/2026\/03\/Gemini_Generated_Image_sp141csp141csp14-600x274.png 600w, https:\/\/teachability.no\/wp-content\/uploads\/2026\/03\/Gemini_Generated_Image_sp141csp141csp14.png 1376w\" sizes=\"auto, (max-width: 1024px) 100vw, 1024px\" \/><\/figure>\n\n\n\n<p class=\"has-text-align-center\">Teachability er et forholdsvis nytt, men viktig ord.<br>Det viser til to grunnleggende tilstander for at l\u00e6ring skal kunne gjennomf\u00f8res.<br>1. &laquo;Being capable of being taught&raquo; &#8211; \u00c5 ha evnen til \u00e5 ta inn ny kunnskap.<br>2. &laquo;Being able, and willing to learn&raquo; &#8211; \u00c5 ha evnen, og viljen til \u00e5 l\u00e6re.<br><br>Hvorfor er dette viktig? Jo fordi ALLE har evnen til \u00e5 innta ny kunnskap, men ikke alle l\u00e6rer p\u00e5 samme m\u00e5te, i samme tempo eller med samme vilje.<\/p>\n\n\n\n<p class=\"has-text-align-center\">Denne nettsiden er her for \u00e5 hjelpe p\u00e5 veien med \u00e5 finne nye m\u00e5ter din elev kan l\u00e6re p\u00e5!<\/p>\n\n\n\n<p><\/p>\n","protected":false},"excerpt":{"rendered":"<p>Teachability er et forholdsvis nytt, men viktig ord.Det viser til to grunnleggende tilstander for at l\u00e6ring skal kunne gjennomf\u00f8res.1. &laquo;Being capable of being taught&raquo; &#8211; \u00c5 ha evnen til \u00e5 ta inn ny kunnskap.2. &laquo;Being able, and willing to learn&raquo; &#8211; \u00c5 ha evnen, og viljen til \u00e5 l\u00e6re. Hvorfor er dette viktig? Jo fordi [&hellip;]<\/p>\n","protected":false},"author":1,"featured_media":0,"parent":0,"menu_order":0,"comment_status":"closed","ping_status":"closed","template":"","meta":{"footnotes":""},"class_list":["post-29","page","type-page","status-publish","hentry"],"jetpack_sharing_enabled":true,"_links":{"self":[{"href":"https:\/\/teachability.no\/index.php?rest_route=\/wp\/v2\/pages\/29","targetHints":{"allow":["GET"]}}],"collection":[{"href":"https:\/\/teachability.no\/index.php?rest_route=\/wp\/v2\/pages"}],"about":[{"href":"https:\/\/teachability.no\/index.php?rest_route=\/wp\/v2\/types\/page"}],"author":[{"embeddable":true,"href":"https:\/\/teachability.no\/index.php?rest_route=\/wp\/v2\/users\/1"}],"replies":[{"embeddable":true,"href":"https:\/\/teachability.no\/index.php?rest_route=%2Fwp%2Fv2%2Fcomments&post=29"}],"version-history":[{"count":5,"href":"https:\/\/teachability.no\/index.php?rest_route=\/wp\/v2\/pages\/29\/revisions"}],"predecessor-version":[{"id":40,"href":"https:\/\/teachability.no\/index.php?rest_route=\/wp\/v2\/pages\/29\/revisions\/40"}],"wp:attachment":[{"href":"https:\/\/teachability.no\/index.php?rest_route=%2Fwp%2Fv2%2Fmedia&parent=29"}],"curies":[{"name":"wp","href":"https:\/\/api.w.org\/{rel}","templated":true}]}}